what is 39752d0 - 2?
39752cc
In base 12, what is 138a46 - -23?
138a69
In base 7, what is 64212166 - 56?
64212110
In base 15, what is 28ee - -508?
2e07
In base 6, what is -4 + -55054200?
-55054204
In base 12, what is -99166bb + -13?
-9916712
In base 16, what is -3 - -100e43e?
100e43b
In base 14, what is -2d - -234505?
2344b6
In base 7, what is 136 - 1652366?
-1652230
In base 4, what is 11133 + 110201012002?
110201023201
In base 5, what is 1 + -2133143014?
-2133143013
In base 5, what is 11 - 1110443142?
-1110443131
In base 5, what is -2021322 + 14320?
-2002002
In base 2, what is -100000111000000 - -1101001?
-100000101010111
In base 4, what is 113102 + -2020202?
-1301100
In base 16, what is -1f4e + 5?
-1f49
In base 13, what is -11 + -107022?
-107033
In base 5, what is 302023440 - -13?
302024003
In base 5, what is -423233130 + -3?
-423233133
In base 16, what is -18c5a - 1?
-18c5b
In base 13, what is -377 - -107ba4?
10782a
In base 3, what is 121 + 120212010220211?
120212010221102
In base 3, what is 100002102 + -20000?
22212102
In base 11, what is -231194421 - -4?
-231194418
In base 3, what is -1100022211 - 10?
-1100022221
In base 16, what is -1 + -2462e?
-2462f
In base 10, what is 1 - 197501524?
-197501523
In base 3, what is 1021122100000122 - 11?
1021122100000111
In base 11, what is -1a2 + 134a83a?
134a648
In base 3, what is 11 + 1120000212222002?
1120000212222020
In base 9, what is -152837 - -7?
-152830
In base 15, what is a8171 + 4?
a8175
In base 14, what is b + -68262dd?
-68262d2
In base 9, what is 7708 - -2603?
11412
In base 14, what is 1 + -b5acbd2?
-b5acbd1
In base 4, what is 1033020103030 - 10?
1033020103020
In base 5, what is 1344140040 - -10?
1344140100
In base 16, what is -bda29 + 2?
-bda27
In base 12, what is 1a71 - -1859?
370a
In base 12, what is -4192194 + -4a?
-4192222
In base 5, what is 13 - 44301040?
-44301022
In base 7, what is 1 - -3614335?
3614336
In base 5, what is 2 + -4343041033?
-4343041031
In base 4, what is 200003332133 + 3?
200003332202
In base 11, what is -30337 - 1226?
-31562
In base 11, what is a903 - -559?
10361
In base 9, what is -24565 + -171?
-24746
In base 6, what is -14520 - -321043?
302123
In base 7, what is 14041466 + 1?
14041500
In base 16, what is -3e54db0 - -2?
-3e54dae
In base 11, what is 1996905 + 22?
1996927
In base 13, what is 13c2cba + 4?
13c2cc1
In base 6, what is -3 - -23335300?
23335253
In base 8, what is -27025 + -35266?
-64313
In base 7, what is 341204136 + 21?
341204160
In base 3, what is 2011222011002120 + 100?
2011222011002220
In base 7, what is 2150 - -32030?
34210
In base 8, what is 1075260 + 36?
1075316
In base 14, what is -18 - 96aad7?
-96ab11
In base 2, what is 101100011010111100101 + -1100?
101100011010111011001
In base 12, what is -80087706 + 4?
-80087702
In base 5, what is 423040113 - -140?
423040303
In base 2, what is 1 - 10010100001001101000011?
-10010100001001101000010
In base 14, what is -592230b + 2?
-5922309
In base 3, what is -2 - -10110102222101210?
10110102222101201
In base 5, what is 300203000 + -1?
300202444
In base 16, what is 653e + 1226?
7764
In base 15, what is -8520 + -61e?
-8b3e
In base 2, what is 10111000 + 1011100100000011010010?
1011100100000110001010
In base 16, what is 0 + -45199cd?
-45199cd
In base 9, what is 4 - 3557866?
-3557862
In base 2, what is -10111110 + 100011111111001?
100011100111011
In base 4, what is 303 + -110210220123?
-110210213220
In base 9, what is 5273003 - -80?
5273083
In base 13, what is c - 52124?
-52115
In base 14, what is 34232 + 41c?
34650
In base 16, what is 6 + -27894?
-2788e
In base 10, what is 2427 - 32148?
-29721
In base 15, what is 721 + -12624?
-11e03
In base 4, what is -210132210023 + 0?
-210132210023
In base 8, what is 2511 - 13201?
-10470
In base 15, what is -3 - 154766a?
-154766d
In base 8, what is 16470473 + -11?
16470462
In base 11, what is -5 - 2185a17?
-2185a21
In base 4, what is -11 - 11220000302121?
-11220000302132
In base 7, what is 4 + -1224345541?
-1224345534
In base 13, what is -6c2ba0 + 4?
-6c2b99
In base 3, what is 1102 - -21111122011112?
21111122012221
In base 13, what is -191 - 53695?
-53856
In base 6, what is 1250 + -1334550?
-1333300
In base 16, what is 3847 + -dc?
376b
In base 6, what is -12 + -2524004514?
-2524004530
In base 5, what is 31113 + -11130211?
-11044043
In base 6, what is -1001105 - 5550?
-1011055
In base 2, what is 110 + 1101110110111111110000?
1101110110111111110110
In base 8, what is -5 + -6666505?
-6666512
In base 13, what is 0 - -21b7b0b?
21b7b0b
In base 15, what is -1 - -134d96?
134d95
In base 8, what is -2 + -173425157?
-173425161
In base 14, what is 10a02 - -419?
1101b
In base 13, what is 115c7 - -1?
115c8
In base 9, what is -74281252 + 11?
-74281241
In base 12, what is -1b4 + 2a9458?
2a9264
In base 15, what is -4 - -d90e67?
d90e63
In base 4, what is 202001 - -212?
202213
In base 13, what is 2828cb - -a?
282908
In base 16, what is -37c + -513?
-88f
In base 10, what is -18444955 + -5?
-18444960
In base 13, what is -14771191 - 3?
-14771194
In base 3, what is -21011 + -10220011221?
-10220110002
In base 14, what is -13d50 - -87?
-13ca7
In base 16, what is cb4a - 32?
cb18
In base 4, what is 12 + 2002202323010?
2002202323022
In base 14, what is 0 - 607900?
-607900
In base 12, what is 10873 - -108?
1097b
In base 9, what is -2222 - 34104?
-36326
In base 5, what is 1132314223 - -11?
1132314234
In base 6, what is -115253 - 511?
-120204
In base 13, what is 281259 + 1c?
281278
In base 10, what is -714 + 94218?
93504
In base 13, what is 78201 - -29?
7822a
In base 4, what is 22330300 + 1103003?
30033303
In base 9, what is -663480 - -1116?
-662363
In base 16, what is -267 + -5bae1?
-5bd48
In base 2, what is 11110110010101001011101000 - 0?
11110110010101001011101000
In base 15, what is 4 - -3d4d1ce?
3d4d1d3
In base 6, what is -2 - 5504532233?
-5504532235
In base 14, what is -2d3 + -61d5?
-64c8
In base 7, what is -5 + -1262063633?
-1262063641
In base 9, what is 1453764 - -150?
1454024
In base 2, what is -101 + -1011101110001001001101000111?
-1011101110001001001101001100
In base 8, what is 6243171 - -2?
6243173
In base 13, what is 1 - 620578b?
-620578a
In base 4, what is -1302211213 + -101223?
-1302313102
In base 14, what is 4d2291 - 2a?
4d2265
In base 11, what is 13 - -45a4484?
45a4497
In base 6, what is -12 - 1203515050?
-1203515102
In base 13, what is 1872b82 + -2?
1872b80
In base 9, what is -3 - 32110440?
-32110443
In base 11, what is 4 + 9524122?
9524126
In base 10, what is 6348800 + 6?
6348806
In base 15, what is 3373 - -192a?
4c9d
In base 16, what is 37cb4 - -73?
37d27
In base 3, what is -110 - 1011102222120?
-1011110000000
In base 8, what is -515650 + -6?
-515656
In base 2, what is -10000 - -10111101101101000000?
10111101101100110000
In base 5, what is -32041 + -241021?
-323112
In base 7, what is 126354 + 104?
126461
In base 14, what is 11873 + -d?
11864
In base 8, what is -7132362 - -77?
-7132263
In base 3, what is -222002002102 + 1022?
-222002001010
In base 9, what is 711 + 520886?
521707
In base 8, what is -2514733 + 205?
-2514526
In base 8, what is -14 - 1540053?
-1540067
In base 13, what is -9 - -41a77c6?
41a77ba
In base 14, what is -3 + 157c5d3?
157c5d0
In base 15, what is 182c69d - 5?
182c698
In base 13, what is -1131857 + -7?
-1131861
In base 3, what is -120211200022220021 + -11?
-120211200022220102
In base 2, what is 11111001001111000011 + -1000100110?
11111001000110011101
In base 5, what is 1131404331 - 3?
1131404323
In base 14, what is 1c8a8a46 + 2?
1c8a8a48
In base 14, what is 30c + 1b6823?
1b6b31
In base 6, what is -14154110 + -103?
-14154213
In base 9, what is 274 + 16025?
16310
In base 12, what is 8927a18 - -8?
8927a24
In base 16, what is -f621 - -20?
-f601
In base 11, what is 2 - 38a793?
-38a791
In base 7, what is 224 + -102160?
-101633
In base 12, what is -375676 + 5?
-375671
In base 11, what is -6456a78 - -3?
-6456a75
In base 9, what is 110080 - 151?
108828
In base 11, what is -364 - -5685?
5321
In base 2, what is 1010100101011011000 - 10101101?
1010100101000101011
In base 3, what is -20002122 - -10110211?
-2121211
In base 7, what is 102 - -4121616?
4122021
In base 16, what is -471dad + c3?
-471cea
In base 15, what is 1a2be35 - 0?
1a2be35
In base 7, what is -1600642 + -102?
-160104